 a(-7).
-4
Let y(o) = -4*o - 6. Determine y(-3).
6
Let f(u) = -u**2 + 61*u + 55. Determine f(62).
-7
Let k(w) = w**3 + 27*w**2 + 170*w + 2. Determine k(-17).
2
Let k(r) = -r**2 - r + 10. Calculate k(-7).
-32
Let c(q) = q**3 + 12*q**2 - 16. Give c(-12).
-16
Let y(i) = i + 13. What is y(9)?
22
Let c(i) = -i + 4. Determine c(-3).
7
Let k(f) = f**2 - 15*f - 15. Give k(16).
1
Let f(z) = -z**2 + 31*z + 32. Give f(32).
0
Let l(v) = v**2 - v + 2. What is l(5)?
22
Let v(d) = 2*d**2 - 5*d + 59. What is v(7)?
122
Let y(x) = -x**3 + 7*x**2 + 9*x - 11. What is y(8)?
-3
Let q(g) = g**3 - 31*g**2 - 103*g + 29. What is q(34)?
-5
Let k(y) = -17*y**2 - y + 5. Determine k(1).
-13
Let j(t) = -2*t + 15. Give j(-10).
35
Let s(r) = 2*r - 20. Determine s(-2).
-24
Let i(a) = -a**3 + 32*a**2 - 29*a - 67. Give i(31).
-5
Let a(u) = u**3 + 12*u**2 + u - 43. Give a(-10).
147
Let c(y) = -5*y**3 - 55*y**2 - 2. Calculate c(-11).
-2
Let g(f) = -2*f**3 + 61*f**2 + 31*f + 5. Calculate g(31).
5
Let y(n) = -n**2 - 18*n + 21. Give y(-19).
2
Let v(b) = b**2 - 12*b - 9. Give v(11).
-20
Let q(w) = w**2 - 8*w + 20. Determine q(5).
5
Let s(k) = -k**3 + 4*k**2 - 3*k - 3. Calculate s(3).
-3
Let u(d) = -3*d**2 + 2*d + 4. What is u(4)?
-36
Let j(v) = 4*v**2 - 89*v + 8. Calculate j(22).
-14
Let v(c) = 18*c**2 + 1. Give v(1).
19
Let m(d) = d**2 - d - 14. Calculate m(-11).
118
Let f(c) = c**3 - c + 11. Calculate f(0).
11
Let t(j) = -5*j**2 + 6*j - 2. Determine t(2).
-10
Let o(p) = -p**2 - 10*p - 5. Give o(-9).
4
Let h(u) = u**3 - 3*u**2 + u - 40. What is h(5)?
15
Let i(h) = -3*h + 9. Give i(6).
-9
Let k(r) = r**2 + 7*r + 7. What is k(-4)?
-5
Let i(m) = -5*m**2 + 148*m - 66. Determine i(29).
21
Let x(c) = 8*c**2 + 31*c + 3. What is x(-4)?
7
Let v(t) = t**3 + 10*t**2 - 40*t - 17. Calculate v(-13).
-4
Let c(l) = 281*l - 832. What is c(3)?
11
Let n(l) = 14*l**2 + 239*l + 15. Determine n(-17).
-2
Let n(w) = w + 5. Calculate n(0).
5
Let i(p) = -9*p**2 + p + 3. Calculate i(-2).
-35
Let s(k) = -2*k**3 - 2*k**2 + 4*k + 1. Calculate s(-3).
25
Let b(a) = a**3 - 7*a**2 - 11*a - 7. Determine b(8).
-31
Let p(r) = -r**3 + 21*r**2 - 13*r - 141. What is p(20)?
-1
Let c(u) = u**2 + 8*u + 10. Determine c(-7).
3
Let o(v) = -4*v**2 + 2*v. What is o(2)?
-12
Let g(q) = -q**2 - q - 10. Determine g(0).
-10
Let c(k) = 8*k**2 + 92*k - 40. Give c(-12).
8
Let j(k) = 2*k**3 + 13*k**2 + 5*k - 8. Calculate j(-6).
-2
Let g(r) = r**2 - 5*r - 1. Give g(6).
5
Let n(w) = w + 26. What is n(-13)?
13
Let a(m) = 13*m + 1. What is a(4)?
53
Let k(z) = -z**2 - 3*z - 1. What is k(-2)?
1
Let f(r) = r**3 - 16*r**2 + 29*r - 5. Give f(14).
9
Let a(c) = -c**3 + 12*c**2 - 20*c - 5. Calculate a(10).
-5
Let k(d) = d**2 + d - 3. Give k(-4).
9
Let o(n) = -10*n**2 - n + 10. Calculate o(-3).
-77
Let z(m) = -8*m - 29. What is z(-6)?
19
Let w(k) = -2*k**2 - 64*k + 136. What is w(2)?
0
Let a(j) = -j - 39. Give a(-35).
-4
Let q(j) = j**2 - 24*j - 1. Give q(24).
-1
Let c(n) = -n**2 + 21. Calculate c(-3).
12
Let n(r) = r - 4. Give n(2).
-2
Let x(v) = -9*v - 129. Give x(-15).
6
Let f(h) = -2*h + 6. Give f(12).
-18
Let i(c) = -c**2 + 17*c. Calculate i(15).
30
Let i(u) = -4*u**2 + u - 1. Give i(4).
-61
Let m(t) = -6*t + 42. Give m(18).
-66
Let r(u) = 2*u**2 + 4*u + 5. Give r(-5).
35
Let v(s) = -29*s + 1. Calculate v(1).
-28
Let f(v) = v**3 - 41*v**2 + 80*v - 90. What is f(39)?
-12
Let i(v) = 156*v - 158. Calculate i(1).
-2
Let k(i) = -i**3 + 15*i**2 - 6*i + 82. Give k(15).
-8
Let a(k) = -15*k**2 + 2*k + 1. Calculate a(-1).
-16
Let z(f) = -f**2 + 8*f - 9. Give z(7).
-2
Let o(x) = -x**2 - 18*x - 17. Give o(-19).
-36
Let z(d) = 2*d**2 + 8*d - 2. Calculate z(-8).
62
Let w(a) = -a**2 - 7*a - 6. What is w(-7)?
-6
Let u(z) = -8*z + 6. Calculate u(7).
-50
Let o(w) = w**2 + 15*w + 4. Give o(-11).
-40
Let s(i) = -6*i - 3. Determine s(3).
-21
Let y(k) = -6*k**2 + 9*k - 1. Determine y(4).
-61
Let h(k) = k + 1. Determine h(-8).
-7
Let m(u) = -u**3 + 12*u**2 - 14*u + 12. Determine m(11).
-21
Let o(q) = -8*q - 206. What is o(-23)?
-22
Let p(q) = -q**3 + 16*q**2 - 63*q - 10. Calculate p(9).
-10
Let i(f) = f + 10. Determine i(-14).
-4
Let l(m) = -38*m - 99. What is l(-3)?
15
Let v(o) = o - 13. What is v(7)?
-6
Let b(p) = 50*p + 18. Give b(-2).
-82
Let c(s) = -2*s**2 - 7*s + 4. Give c(-4).
0
Let v(i) = -i**2 - 7*i - 17. Determine v(-4).
-5
Let f(a) = a**2 + 20*a + 18. What is f(-19)?
-1
Let s(t) = -t**3 + 19*t**2 - t + 22. Determine s(19).
3
Let j(d) = d**2 + 20*d + 76. What is j(-9)?
-23
Let h(t) = -t**3 - 7*t**2 - 6*t + 20. Give h(-5).
0
Let z(o) = -o**3 - 15*o**2 + 32*o - 25. Calculate z(-17).
9
Let u(m) = m**3 + 7*m**2 + 10*m. What is u(-8)?
-144
Let y(v) = v**2 - 9*v + 2. Determine y(10).
12
Let k(q) = 39*q**2 + 15*q + 14. Give k(-1).
38
Let k(g) = -2*g**3 - 10*g**2 + 9*g + 11. What is k(-5)?
-34
Let r(g) = g**3 - 11*g**2 + 7*g + 14. Determine r(10).
-16
Let g(x) = -x**2 + 19*x - 11. Give g(19).
-11
Let t(q) = -q**2 + 5*q + 2. Determine t(5).
2
Let q(n) = 4*n**2 + 4*n + 3. Calculate q(-2).
11
Let d(f) = -10*f**2 + 10*f + 6. Calculate d(-2).
-54
Let f(a) = -a**3 + 2*a**2 + 2*a + 65. Determine f(0).
65
Let y(f) = -2*f**2 + f + 10. Determine y(-3).
-11
Let z(p) = -p**2 + 8*p + 5. Determine z(9).
-4
Let c(p) = 2*p**2 - 34*p + 45. Determine c(15).
-15
Let l(q) = 2*q + 11. What is l(-5)?
1
Let y(o) = 5*o**3 + 3*o**2 - 4*o + 1. Give y(2).
45
Let q(f) = -2*f**2 - 7*f + 4. Calculate q(-6).
-26
Let j(p) = -p**2 + 38. What is j(-6)?
2
Let m(q) = -7*q. Calculate m(4).
-28
Let g(l) = -13*l - 23. Determine g(-7).
68
Let m(f) = -10*f + 24. Give m(8).
-56
Let o(b) = -b**2 - 13*b - 17. What is o(-12)?
-5
Let i(b) = -b**2 + 3*b + 66. Give i(10).
-4
Let i(f) = 185*f - 743. What is i(4)?
-3
Let u(c) = c**3 + 3*c**2 + 3. Give u(-3).
3
Let a(q) = q**3 + 12*q**2 + 3*q + 2. Give a(-12).
-34
Let j(q) = -q**3 + 38*q**2 + 4*q - 165. What is j(38)?
-13
Let p(k) = -k**2 - 12*k + 11. Determine p(-10).
31
Let d(a) = -a**3 - 9*a**2 + a + 16. Calculate d(-9).
7
Let n(g) = g**3 - 8*g**2 + g + 3. Determine n(8).
11
Let r(p) = -2*p**2 - 6*p + 3. Give r(-4).
-5
Let f(l) = -l**3 + 5*l**2 - l + 3. Give f(6).
-39
Let m(j) = -j**3 - 4*j**2 - 4*j - 7. What is m(-4)?
9
Let w(c) = -c**2 - 17*c - 46. Determine w(-13).
6
Let i(u) = u**2 + 5*u - 3. Give i(-5).
-3
Let f(b) = b**2 - 9*b + 7. What is f(3)?
-11
Let w(q) = q**3 - 5*q**2 + 2*q. Calculate w(3).
-12
Let y(w) = w**3 - 3*w**2 - 36*w - 15. What is y(8)?
17
Let g(m) = 5*m**3 + 2*m**2 - 1. Calculate g(-2).
-33
Let d(t) = 30*t**3 - 2*t**2 + 1. What is d(1)?
29
Let u(p) = -p**2 + 5*p - 6. What is u(3)?
0
Let b(l) = 2*l - 67. Give b(38).
9
Let w(v) = -v**2 - 43*v - 309. Determine w(-34).
-3
Let i(b) = -12*b**2 + 230*b - 36. Give i(19).
2
Let i(l) = -l**2 - 15*l + 16. Determine i(-17).
-18
Let g(j) = -j**3 + 24*j**2 + 28*j - 82. Give g(25).
-7
Let k(f) = -5*f + 15. Give k(0).
15
Let h(d) = -d**3 - 13*d**2 + 3*d - 45. Calculate h(-13).
-84
Let l(s) = -4*s + 41. What is l(11)?
-3
Let a(k) = k**2 - 7*k + 7. Determine a(5).
-3
Let a(q) = 6*q - 4. What is a(3)?
14
Let u(b) = 14*b - 1. Calculate u(3).
41
Let l(t) = t**2 + 2*t - 9. What is l(-6)?
15
Let i(y) = 6*y - 12. Give i(-1).
-18
Let k(l) = 18*l + 25. What is k(-7)?
-101
Let k(l) = l**2 - 16*l + 110. Give k(8).
46
Let q(w) = w**3 + 6*w**2 + 3*w + 3. What is q(-6)?
-15
Let j(g) = -2*g**2 + 8*g + 30. Give j(-3).
-12
Let f(o) = 4*o + 21. Calculate f(-9).
-15
Let z(y) = 4*y. Give z(1).
4
Let d(l) = l**2 + 8*l + 16. Give d(-5).
1
Let x(m) = 2*m**2 + 82*m + 72. What is x(-40)?
-8
Let k(l) = 26*l. Determine k(1).
26
Let a(j) = 2*j**2 + 16*j - 5. Calculate a(-6).
-29
Let y(d) = -14*d + 16. Give y(2).
-12
Let u(i) = -i**3 - 5*i**2 + i - 8. What is u(-6)?
22
Let y(t) = t**3 - 10*t**2 + 9*t + 6. Determine y(9).
6
Let j(s) = -5*s + 11. Give j(3).
-4
Let i(p) = -3*p + 2. What is i(8)?
-22
Let g(n) = -n**3 + 9*n**2 - 18*n - 1. Determine g(6).
-1
Let a(x) = 18*x**2 - 11*x - 11. Determine a(-1).
18
Let a(u) = u - 1. Calculate a(-3).
-4
Let a(w) = 7*w**2 - 1. Give a(2).
27
Let j(n) = -3*n + 29. Determine j(20).
-31
Let i(m) = m**2 + 15*m + 16. What is i(-14)?
2
Let w(q) = 5*q - 14. What is w(-6)?
-44
Let v(g) = -11*g - 7. Calculate v(-2).
15
Let u(n) = n**3 + 8*n**2 + 6*n + 1. What is u(-4)?
41
Let m(t) = -2*t**2 - t + 7. Give m(